{"id":215,"date":"2016-11-29T05:05:02","date_gmt":"2016-11-29T05:05:02","guid":{"rendered":"https:\/\/oceanwp.org\/stylish\/?page_id=82"},"modified":"2022-01-09T13:51:11","modified_gmt":"2022-01-09T12:51:11","slug":"contact","status":"publish","type":"page","link":"https:\/\/deborahlenoc.fr\/index.php\/contact\/","title":{"rendered":"Contact"},"content":{"rendered":"\t\t<div data-elementor-type=\"wp-page\" data-elementor-id=\"215\" class=\"elementor elementor-215\">\n\t\t\t\t\t\t<section class=\"elementor-section elementor-top-section elementor-element elementor-element-lwmmwlv elementor-section-height-min-height elementor-section-full_width elementor-section-stretched elementor-section-height-default elementor-section-items-middle\" data-id=\"lwmmwlv\" data-element_type=\"section\" data-e-type=\"section\" data-settings=\"{&quot;background_background&quot;:&quot;classic&quot;,&quot;stretch_section&quot;:&quot;section-stretched&quot;}\">\n\t\t\t\t\t\t\t<div class=\"elementor-background-overlay\"><\/div>\n\t\t\t\t\t\t\t<div class=\"elementor-container elementor-column-gap-default\">\n\t\t\t\t\t<div class=\"elementor-column elementor-col-100 elementor-top-column elementor-element elementor-element-qxtezwv\" data-id=\"qxtezwv\" data-element_type=\"column\" data-e-type=\"column\">\n\t\t\t<div class=\"elementor-widget-wrap elementor-element-populated\">\n\t\t\t\t\t\t\t<\/div>\n\t\t<\/div>\n\t\t\t\t\t<\/div>\n\t\t<\/section>\n\t\t\t\t<section class=\"elementor-section elementor-top-section elementor-element elementor-element-hdhwtjh elementor-section-boxed elementor-section-height-default elementor-section-height-default\" data-id=\"hdhwtjh\" data-element_type=\"section\" data-e-type=\"section\">\n\t\t\t\t\t\t<div class=\"elementor-container elementor-column-gap-default\">\n\t\t\t\t\t<div class=\"elementor-column elementor-col-50 elementor-top-column elementor-element elementor-element-hencdof\" data-id=\"hencdof\" data-element_type=\"column\" data-e-type=\"column\" data-settings=\"{&quot;background_background&quot;:&quot;classic&quot;}\">\n\t\t\t<div class=\"elementor-widget-wrap\">\n\t\t\t\t\t\t\t<\/div>\n\t\t<\/div>\n\t\t\t\t<div class=\"elementor-column elementor-col-50 elementor-top-column elementor-element elementor-element-4c1712e\" data-id=\"4c1712e\" data-element_type=\"column\" data-e-type=\"column\">\n\t\t\t<div class=\"elementor-widget-wrap elementor-element-populated\">\n\t\t\t\t\t\t<div class=\"elementor-element elementor-element-ffoelsr elementor-widget elementor-widget-heading\" data-id=\"ffoelsr\" data-element_type=\"widget\" data-e-type=\"widget\" data-widget_type=\"heading.default\">\n\t\t\t\t<div class=\"elementor-widget-container\">\n\t\t\t\t\t<h2 class=\"elementor-heading-title elementor-size-default\">Une question ? <br>Retrouvez-moi sur mes r\u00e9seaux ou envoyez-moi un message.<\/h2>\t\t\t\t<\/div>\n\t\t\t\t<\/div>\n\t\t\t\t<section class=\"elementor-section elementor-inner-section elementor-element elementor-element-bsriajy elementor-section-content-middle elementor-section-boxed elementor-section-height-default elementor-section-height-default\" data-id=\"bsriajy\" data-element_type=\"section\" data-e-type=\"section\">\n\t\t\t\t\t\t<div class=\"elementor-container elementor-column-gap-default\">\n\t\t\t\t\t<div class=\"elementor-column elementor-col-25 elementor-inner-column elementor-element elementor-element-cqhmyeh\" data-id=\"cqhmyeh\" data-element_type=\"column\" data-e-type=\"column\">\n\t\t\t<div class=\"elementor-widget-wrap\">\n\t\t\t\t\t\t\t<\/div>\n\t\t<\/div>\n\t\t\t\t<div class=\"elementor-column elementor-col-25 elementor-inner-column elementor-element elementor-element-0tqt8fl\" data-id=\"0tqt8fl\" data-element_type=\"column\" data-e-type=\"column\">\n\t\t\t<div class=\"elementor-widget-wrap elementor-element-populated\">\n\t\t\t\t\t\t<div class=\"elementor-element elementor-element-698de7b elementor-view-default elementor-widget elementor-widget-icon\" data-id=\"698de7b\" data-element_type=\"widget\" data-e-type=\"widget\" data-widget_type=\"icon.default\">\n\t\t\t\t<div class=\"elementor-widget-container\">\n\t\t\t\t\t\t\t<div class=\"elementor-icon-wrapper\">\n\t\t\t<a class=\"elementor-icon\" href=\"https:\/\/www.instagram.com\/sentinelleetdevotion\/\">\n\t\t\t<i aria-hidden=\"true\" class=\"fab fa-instagram\"><\/i>\t\t\t<\/a>\n\t\t<\/div>\n\t\t\t\t\t\t<\/div>\n\t\t\t\t<\/div>\n\t\t\t\t<div class=\"elementor-element elementor-element-95f7a01 elementor-view-default elementor-widget elementor-widget-icon\" data-id=\"95f7a01\" data-element_type=\"widget\" data-e-type=\"widget\" data-widget_type=\"icon.default\">\n\t\t\t\t<div class=\"elementor-widget-container\">\n\t\t\t\t\t\t\t<div class=\"elementor-icon-wrapper\">\n\t\t\t<div class=\"elementor-icon\">\n\t\t\t<i aria-hidden=\"true\" class=\"far fa-envelope\"><\/i>\t\t\t<\/div>\n\t\t<\/div>\n\t\t\t\t\t\t<\/div>\n\t\t\t\t<\/div>\n\t\t\t\t\t<\/div>\n\t\t<\/div>\n\t\t\t\t<div class=\"elementor-column elementor-col-25 elementor-inner-column elementor-element elementor-element-eaabf9b\" data-id=\"eaabf9b\" data-element_type=\"column\" data-e-type=\"column\">\n\t\t\t<div class=\"elementor-widget-wrap elementor-element-populated\">\n\t\t\t\t\t\t<div class=\"elementor-element elementor-element-3a20bad elementor-widget elementor-widget-heading\" data-id=\"3a20bad\" data-element_type=\"widget\" data-e-type=\"widget\" data-widget_type=\"heading.default\">\n\t\t\t\t<div class=\"elementor-widget-container\">\n\t\t\t\t\t<h2 class=\"elementor-heading-title elementor-size-default\"><a href=\"https:\/\/www.instagram.com\/deborahlenoc\/\">@deborahlenoc<\/a><\/h2>\t\t\t\t<\/div>\n\t\t\t\t<\/div>\n\t\t\t\t<div class=\"elementor-element elementor-element-30b0d1d elementor-widget elementor-widget-heading\" data-id=\"30b0d1d\" data-element_type=\"widget\" data-e-type=\"widget\" data-widget_type=\"heading.default\">\n\t\t\t\t<div class=\"elementor-widget-container\">\n\t\t\t\t\t<h2 class=\"elementor-heading-title elementor-size-default\"><a href=\"http:\/\/deborah.lenoc@gmail.com\" target=\"_blank\">deborah.lenoc@gmail.com<\/a><\/h2>\t\t\t\t<\/div>\n\t\t\t\t<\/div>\n\t\t\t\t\t<\/div>\n\t\t<\/div>\n\t\t\t\t<div class=\"elementor-column elementor-col-25 elementor-inner-column elementor-element elementor-element-pkzxiuz\" data-id=\"pkzxiuz\" data-element_type=\"column\" data-e-type=\"column\">\n\t\t\t<div class=\"elementor-widget-wrap\">\n\t\t\t\t\t\t\t<\/div>\n\t\t<\/div>\n\t\t\t\t\t<\/div>\n\t\t<\/section>\n\t\t\t\t<div class=\"elementor-element elementor-element-835edad elementor-widget elementor-widget-spacer\" data-id=\"835edad\" data-element_type=\"widget\" data-e-type=\"widget\" data-widget_type=\"spacer.default\">\n\t\t\t\t<div class=\"elementor-widget-container\">\n\t\t\t\t\t\t\t<div class=\"elementor-spacer\">\n\t\t\t<div class=\"elementor-spacer-inner\"><\/div>\n\t\t<\/div>\n\t\t\t\t\t\t<\/div>\n\t\t\t\t<\/div>\n\t\t\t\t\t<\/div>\n\t\t<\/div>\n\t\t\t\t\t<\/div>\n\t\t<\/section>\n\t\t\t\t<section class=\"elementor-section elementor-top-section elementor-element elementor-element-bf254e4 elementor-section-boxed elementor-section-height-default elementor-section-height-default\" data-id=\"bf254e4\" data-element_type=\"section\" data-e-type=\"section\">\n\t\t\t\t\t\t<div class=\"elementor-container elementor-column-gap-default\">\n\t\t\t\t\t<div class=\"elementor-column elementor-col-100 elementor-top-column elementor-element elementor-element-60bfcd4\" data-id=\"60bfcd4\" data-element_type=\"column\" data-e-type=\"column\">\n\t\t\t<div class=\"elementor-widget-wrap elementor-element-populated\">\n\t\t\t\t\t\t<div class=\"elementor-element elementor-element-83fcbf7 elementor-widget elementor-widget-spacer\" data-id=\"83fcbf7\" data-element_type=\"widget\" data-e-type=\"widget\" data-widget_type=\"spacer.default\">\n\t\t\t\t<div class=\"elementor-widget-container\">\n\t\t\t\t\t\t\t<div class=\"elementor-spacer\">\n\t\t\t<div class=\"elementor-spacer-inner\"><\/div>\n\t\t<\/div>\n\t\t\t\t\t\t<\/div>\n\t\t\t\t<\/div>\n\t\t\t\t\t<\/div>\n\t\t<\/div>\n\t\t\t\t\t<\/div>\n\t\t<\/section>\n\t\t\t\t<\/div>\n\t\t","protected":false},"excerpt":{"rendered":"<p>Une question ? Retrouvez-moi sur mes r\u00e9seaux ou envoyez-moi un message. @deborahlenoc deborah.lenoc@gmail.com<\/p>\n","protected":false},"author":1,"featured_media":0,"parent":0,"menu_order":0,"comment_status":"closed","ping_status":"closed","template":"","meta":{"footnotes":""},"class_list":["post-215","page","type-page","status-publish","hentry","entry"],"yoast_head":"<!-- This site is optimized with the Yoast SEO plugin v27.5 - https:\/\/yoast.com\/product\/yoast-seo-wordpress\/ -->\n<title>Contact - D\u00e9borah Le Noc - D\u00e9veloppement f\u00e9minin<\/title>\n<meta name=\"robots\" content=\"index, follow, max-snippet:-1, max-image-preview:large, max-video-preview:-1\" \/>\n<link rel=\"canonical\" href=\"https:\/\/deborahlenoc.fr\/index.php\/contact\/\" \/>\n<meta property=\"og:locale\" content=\"fr_FR\" \/>\n<meta property=\"og:type\" content=\"article\" \/>\n<meta property=\"og:title\" content=\"Contact - D\u00e9borah Le Noc - D\u00e9veloppement f\u00e9minin\" \/>\n<meta property=\"og:description\" content=\"Une question ? Retrouvez-moi sur mes r\u00e9seaux ou envoyez-moi un message. @deborahlenoc deborah.lenoc@gmail.com\" \/>\n<meta property=\"og:url\" content=\"https:\/\/deborahlenoc.fr\/index.php\/contact\/\" \/>\n<meta property=\"og:site_name\" content=\"D\u00e9borah Le Noc - D\u00e9veloppement f\u00e9minin\" \/>\n<meta property=\"article:modified_time\" content=\"2022-01-09T12:51:11+00:00\" \/>\n<meta name=\"twitter:card\" content=\"summary_large_image\" \/>\n<script type=\"application\/ld+json\" class=\"yoast-schema-graph\">{\"@context\":\"https:\\\/\\\/schema.org\",\"@graph\":[{\"@type\":\"WebPage\",\"@id\":\"https:\\\/\\\/deborahlenoc.fr\\\/index.php\\\/contact\\\/\",\"url\":\"https:\\\/\\\/deborahlenoc.fr\\\/index.php\\\/contact\\\/\",\"name\":\"Contact - D\u00e9borah Le Noc - D\u00e9veloppement f\u00e9minin\",\"isPartOf\":{\"@id\":\"https:\\\/\\\/deborahlenoc.fr\\\/#website\"},\"datePublished\":\"2016-11-29T05:05:02+00:00\",\"dateModified\":\"2022-01-09T12:51:11+00:00\",\"breadcrumb\":{\"@id\":\"https:\\\/\\\/deborahlenoc.fr\\\/index.php\\\/contact\\\/#breadcrumb\"},\"inLanguage\":\"fr-FR\",\"potentialAction\":[{\"@type\":\"ReadAction\",\"target\":[\"https:\\\/\\\/deborahlenoc.fr\\\/index.php\\\/contact\\\/\"]}]},{\"@type\":\"BreadcrumbList\",\"@id\":\"https:\\\/\\\/deborahlenoc.fr\\\/index.php\\\/contact\\\/#breadcrumb\",\"itemListElement\":[{\"@type\":\"ListItem\",\"position\":1,\"name\":\"Accueil\",\"item\":\"https:\\\/\\\/deborahlenoc.fr\\\/\"},{\"@type\":\"ListItem\",\"position\":2,\"name\":\"Contact\"}]},{\"@type\":\"WebSite\",\"@id\":\"https:\\\/\\\/deborahlenoc.fr\\\/#website\",\"url\":\"https:\\\/\\\/deborahlenoc.fr\\\/\",\"name\":\"D\u00e9borah Le Noc - D\u00e9veloppement f\u00e9minin\",\"description\":\"R\u00e9v\u00e8le et maximise ton potentiel en devenant une femme accomplie et charismatique !\",\"publisher\":{\"@id\":\"https:\\\/\\\/deborahlenoc.fr\\\/#\\\/schema\\\/person\\\/3755fca8ecb77a810d63b477184dc6c4\"},\"potentialAction\":[{\"@type\":\"SearchAction\",\"target\":{\"@type\":\"EntryPoint\",\"urlTemplate\":\"https:\\\/\\\/deborahlenoc.fr\\\/?s={search_term_string}\"},\"query-input\":{\"@type\":\"PropertyValueSpecification\",\"valueRequired\":true,\"valueName\":\"search_term_string\"}}],\"inLanguage\":\"fr-FR\"},{\"@type\":[\"Person\",\"Organization\"],\"@id\":\"https:\\\/\\\/deborahlenoc.fr\\\/#\\\/schema\\\/person\\\/3755fca8ecb77a810d63b477184dc6c4\",\"name\":\"D\u00e9borah LE NOC\",\"image\":{\"@type\":\"ImageObject\",\"inLanguage\":\"fr-FR\",\"@id\":\"https:\\\/\\\/deborahlenoc.fr\\\/wp-content\\\/uploads\\\/2021\\\/04\\\/cropped-Deborah-Le-Nox-2.png\",\"url\":\"https:\\\/\\\/deborahlenoc.fr\\\/wp-content\\\/uploads\\\/2021\\\/04\\\/cropped-Deborah-Le-Nox-2.png\",\"contentUrl\":\"https:\\\/\\\/deborahlenoc.fr\\\/wp-content\\\/uploads\\\/2021\\\/04\\\/cropped-Deborah-Le-Nox-2.png\",\"width\":500,\"height\":138,\"caption\":\"D\u00e9borah LE NOC\"},\"logo\":{\"@id\":\"https:\\\/\\\/deborahlenoc.fr\\\/wp-content\\\/uploads\\\/2021\\\/04\\\/cropped-Deborah-Le-Nox-2.png\"},\"sameAs\":[\"http:\\\/\\\/deborahlenoc.fr\"]}]}<\/script>\n<!-- \/ Yoast SEO plugin. -->","yoast_head_json":{"title":"Contact - D\u00e9borah Le Noc - D\u00e9veloppement f\u00e9minin","robots":{"index":"index","follow":"follow","max-snippet":"max-snippet:-1","max-image-preview":"max-image-preview:large","max-video-preview":"max-video-preview:-1"},"canonical":"https:\/\/deborahlenoc.fr\/index.php\/contact\/","og_locale":"fr_FR","og_type":"article","og_title":"Contact - D\u00e9borah Le Noc - D\u00e9veloppement f\u00e9minin","og_description":"Une question ? Retrouvez-moi sur mes r\u00e9seaux ou envoyez-moi un message. @deborahlenoc deborah.lenoc@gmail.com","og_url":"https:\/\/deborahlenoc.fr\/index.php\/contact\/","og_site_name":"D\u00e9borah Le Noc - D\u00e9veloppement f\u00e9minin","article_modified_time":"2022-01-09T12:51:11+00:00","twitter_card":"summary_large_image","schema":{"@context":"https:\/\/schema.org","@graph":[{"@type":"WebPage","@id":"https:\/\/deborahlenoc.fr\/index.php\/contact\/","url":"https:\/\/deborahlenoc.fr\/index.php\/contact\/","name":"Contact - D\u00e9borah Le Noc - D\u00e9veloppement f\u00e9minin","isPartOf":{"@id":"https:\/\/deborahlenoc.fr\/#website"},"datePublished":"2016-11-29T05:05:02+00:00","dateModified":"2022-01-09T12:51:11+00:00","breadcrumb":{"@id":"https:\/\/deborahlenoc.fr\/index.php\/contact\/#breadcrumb"},"inLanguage":"fr-FR","potentialAction":[{"@type":"ReadAction","target":["https:\/\/deborahlenoc.fr\/index.php\/contact\/"]}]},{"@type":"BreadcrumbList","@id":"https:\/\/deborahlenoc.fr\/index.php\/contact\/#breadcrumb","itemListElement":[{"@type":"ListItem","position":1,"name":"Accueil","item":"https:\/\/deborahlenoc.fr\/"},{"@type":"ListItem","position":2,"name":"Contact"}]},{"@type":"WebSite","@id":"https:\/\/deborahlenoc.fr\/#website","url":"https:\/\/deborahlenoc.fr\/","name":"D\u00e9borah Le Noc - D\u00e9veloppement f\u00e9minin","description":"R\u00e9v\u00e8le et maximise ton potentiel en devenant une femme accomplie et charismatique !","publisher":{"@id":"https:\/\/deborahlenoc.fr\/#\/schema\/person\/3755fca8ecb77a810d63b477184dc6c4"},"potentialAction":[{"@type":"SearchAction","target":{"@type":"EntryPoint","urlTemplate":"https:\/\/deborahlenoc.fr\/?s={search_term_string}"},"query-input":{"@type":"PropertyValueSpecification","valueRequired":true,"valueName":"search_term_string"}}],"inLanguage":"fr-FR"},{"@type":["Person","Organization"],"@id":"https:\/\/deborahlenoc.fr\/#\/schema\/person\/3755fca8ecb77a810d63b477184dc6c4","name":"D\u00e9borah LE NOC","image":{"@type":"ImageObject","inLanguage":"fr-FR","@id":"https:\/\/deborahlenoc.fr\/wp-content\/uploads\/2021\/04\/cropped-Deborah-Le-Nox-2.png","url":"https:\/\/deborahlenoc.fr\/wp-content\/uploads\/2021\/04\/cropped-Deborah-Le-Nox-2.png","contentUrl":"https:\/\/deborahlenoc.fr\/wp-content\/uploads\/2021\/04\/cropped-Deborah-Le-Nox-2.png","width":500,"height":138,"caption":"D\u00e9borah LE NOC"},"logo":{"@id":"https:\/\/deborahlenoc.fr\/wp-content\/uploads\/2021\/04\/cropped-Deborah-Le-Nox-2.png"},"sameAs":["http:\/\/deborahlenoc.fr"]}]}},"_links":{"self":[{"href":"https:\/\/deborahlenoc.fr\/index.php\/wp-json\/wp\/v2\/pages\/215","targetHints":{"allow":["GET"]}}],"collection":[{"href":"https:\/\/deborahlenoc.fr\/index.php\/wp-json\/wp\/v2\/pages"}],"about":[{"href":"https:\/\/deborahlenoc.fr\/index.php\/wp-json\/wp\/v2\/types\/page"}],"author":[{"embeddable":true,"href":"https:\/\/deborahlenoc.fr\/index.php\/wp-json\/wp\/v2\/users\/1"}],"replies":[{"embeddable":true,"href":"https:\/\/deborahlenoc.fr\/index.php\/wp-json\/wp\/v2\/comments?post=215"}],"version-history":[{"count":34,"href":"https:\/\/deborahlenoc.fr\/index.php\/wp-json\/wp\/v2\/pages\/215\/revisions"}],"predecessor-version":[{"id":514,"href":"https:\/\/deborahlenoc.fr\/index.php\/wp-json\/wp\/v2\/pages\/215\/revisions\/514"}],"wp:attachment":[{"href":"https:\/\/deborahlenoc.fr\/index.php\/wp-json\/wp\/v2\/media?parent=215"}],"curies":[{"name":"wp","href":"https:\/\/api.w.org\/{rel}","templated":true}]}}