{"id":249,"date":"2021-03-31T19:41:20","date_gmt":"2021-03-31T17:41:20","guid":{"rendered":"https:\/\/www.sentinelleetdevotion.fr\/?page_id=249"},"modified":"2025-10-20T17:05:33","modified_gmt":"2025-10-20T15:05:33","slug":"qui-suis-je","status":"publish","type":"page","link":"https:\/\/deborahlenoc.fr\/index.php\/qui-suis-je\/","title":{"rendered":"Qui suis-je ?"},"content":{"rendered":"\t\t<div data-elementor-type=\"wp-page\" data-elementor-id=\"249\" class=\"elementor elementor-249\">\n\t\t\t\t\t\t<section class=\"elementor-section elementor-top-section elementor-element elementor-element-445dde34 elementor-section-content-middle elementor-section-boxed elementor-section-height-default elementor-section-height-default\" data-id=\"445dde34\" data-element_type=\"section\" data-e-type=\"section\">\n\t\t\t\t\t\t<div class=\"elementor-container elementor-column-gap-no\">\n\t\t\t\t\t<div class=\"elementor-column elementor-col-33 elementor-top-column elementor-element elementor-element-78fb772\" data-id=\"78fb772\" data-element_type=\"column\" data-e-type=\"column\">\n\t\t\t<div class=\"elementor-widget-wrap elementor-element-populated\">\n\t\t\t\t\t\t<div class=\"elementor-element elementor-element-1f2b7181 elementor-widget elementor-widget-text-editor\" data-id=\"1f2b7181\" data-element_type=\"widget\" data-e-type=\"widget\" data-widget_type=\"text-editor.default\">\n\t\t\t\t<div class=\"elementor-widget-container\">\n\t\t\t\t\t\t\t\t\t<p><strong>A PROPOS DE MOI<\/strong><\/p>\t\t\t\t\t\t\t\t<\/div>\n\t\t\t\t<\/div>\n\t\t\t\t<div class=\"elementor-element elementor-element-27caa615 elementor-widget elementor-widget-heading\" data-id=\"27caa615\" data-element_type=\"widget\" data-e-type=\"widget\" data-widget_type=\"heading.default\">\n\t\t\t\t<div class=\"elementor-widget-container\">\n\t\t\t\t\t<h3 class=\"elementor-heading-title elementor-size-default\">D\u00e9borah<br>\nLE NOC<\/h3>\t\t\t\t<\/div>\n\t\t\t\t<\/div>\n\t\t\t\t<div class=\"elementor-element elementor-element-2a3f39b7 elementor-widget-divider--view-line elementor-widget elementor-widget-divider\" data-id=\"2a3f39b7\" data-element_type=\"widget\" data-e-type=\"widget\" data-widget_type=\"divider.default\">\n\t\t\t\t<div class=\"elementor-widget-container\">\n\t\t\t\t\t\t\t<div class=\"elementor-divider\">\n\t\t\t<span class=\"elementor-divider-separator\">\n\t\t\t\t\t\t<\/span>\n\t\t<\/div>\n\t\t\t\t\t\t<\/div>\n\t\t\t\t<\/div>\n\t\t\t\t<div class=\"elementor-element elementor-element-3e54ff7 elementor-widget elementor-widget-text-editor\" data-id=\"3e54ff7\" data-element_type=\"widget\" data-e-type=\"widget\" data-widget_type=\"text-editor.default\">\n\t\t\t\t<div class=\"elementor-widget-container\">\n\t\t\t\t\t\t\t\t\t<p><strong>Hello, je m\u2019appelle D\u00e9borah.<\/strong><\/p><p>Je suis une femme de foi, \u00e9pouse, maman, passionn\u00e9e d\u2019identit\u00e9, de f\u00e9minit\u00e9 ainsi que de d\u00e9veloppement personnel.<\/p>\t\t\t\t\t\t\t\t<\/div>\n\t\t\t\t<\/div>\n\t\t\t\t\t<\/div>\n\t\t<\/div>\n\t\t\t\t<div class=\"elementor-column elementor-col-33 elementor-top-column elementor-element elementor-element-5caaf50c\" data-id=\"5caaf50c\" data-element_type=\"column\" data-e-type=\"column\">\n\t\t\t<div class=\"elementor-widget-wrap elementor-element-populated\">\n\t\t\t\t\t\t<div class=\"elementor-element elementor-element-548436ae elementor-widget elementor-widget-image\" data-id=\"548436ae\" data-element_type=\"widget\" data-e-type=\"widget\" data-widget_type=\"image.default\">\n\t\t\t\t<div class=\"elementor-widget-container\">\n\t\t\t\t\t\t\t\t\t\t\t\t\t\t\t<img fetchpriority=\"high\" decoding=\"async\" width=\"950\" height=\"1280\" src=\"https:\/\/deborahlenoc.fr\/wp-content\/uploads\/2021\/03\/IMG_4656-2.jpg\" class=\"elementor-animation-grow attachment-full size-full wp-image-224\" alt=\"\" srcset=\"https:\/\/deborahlenoc.fr\/wp-content\/uploads\/2021\/03\/IMG_4656-2.jpg 950w, https:\/\/deborahlenoc.fr\/wp-content\/uploads\/2021\/03\/IMG_4656-2-223x300.jpg 223w, https:\/\/deborahlenoc.fr\/wp-content\/uploads\/2021\/03\/IMG_4656-2-760x1024.jpg 760w, https:\/\/deborahlenoc.fr\/wp-content\/uploads\/2021\/03\/IMG_4656-2-768x1035.jpg 768w\" sizes=\"(max-width: 950px) 100vw, 950px\" \/>\t\t\t\t\t\t\t\t\t\t\t\t\t\t\t<\/div>\n\t\t\t\t<\/div>\n\t\t\t\t<div class=\"elementor-element elementor-element-6df51b9c elementor-widget elementor-widget-text-editor\" data-id=\"6df51b9c\" data-element_type=\"widget\" data-e-type=\"widget\" data-widget_type=\"text-editor.default\">\n\t\t\t\t<div class=\"elementor-widget-container\">\n\t\t\t\t\t\t\t\t\t<p>Sp\u00e9cialis\u00e9e dans le domaine du bien-\u00eatre alimentaire li\u00e9e \u00e0 la maladie de\u00a0l\u2019endom\u00e9triose, <b>je commence mon aventure entrepreneuriale en 2018.<\/b><\/p><p>N\u00e9anmoins, je ne savais pas r\u00e9ellement o\u00f9 tout cela allait m\u2019emmener sachant que <b>les femmes<\/b> venaient spontan\u00e9ment me voir pour avoir des conseils et m\u00eame un accompagnement pour les aider \u00e0 travers la maladie.\u00a0\u00a0<\/p>\t\t\t\t\t\t\t\t<\/div>\n\t\t\t\t<\/div>\n\t\t\t\t\t<\/div>\n\t\t<\/div>\n\t\t\t\t<div class=\"elementor-column elementor-col-33 elementor-top-column elementor-element elementor-element-4b40c32e\" data-id=\"4b40c32e\" data-element_type=\"column\" data-e-type=\"column\">\n\t\t\t<div class=\"elementor-widget-wrap elementor-element-populated\">\n\t\t\t\t\t\t<div class=\"elementor-element elementor-element-3787a257 elementor-widget elementor-widget-text-editor\" data-id=\"3787a257\" data-element_type=\"widget\" data-e-type=\"widget\" data-widget_type=\"text-editor.default\">\n\t\t\t\t<div class=\"elementor-widget-container\">\n\t\t\t\t\t\t\t\t\t<h6>Etant \u00e9galement pass\u00e9e par des\u00a0\u00e9preuves de maladie, c\u2019est \u00e0 partir de cette\u00a0p\u00e9riode que j\u2019ai r\u00e9alis\u00e9 que <b>lorsque la\u00a0f\u00e9minit\u00e9 est\u00a0impact\u00e9e, alors notre monde s\u2019\u00e9croule.<\/b><\/h6><p>La r\u00e9silience est alors une cl\u00e9 pour continuer \u00e0 avancer. Pendant cette longue p\u00e9riode de ma vie, c\u2019est l\u00e0 que <b>j\u2019ai \u00e9t\u00e9 mise \u00e0 part pour me pr\u00e9parer \u00e0 travailler dans le domaine de la f\u00e9minit\u00e9 en profondeur.<\/b><\/p><p>Je me suis donc form\u00e9e en d\u00e9veloppement personnel avec les valeurs chr\u00e9tiennes par le biais de l&rsquo;organisme:<em><strong>Empreinte Formation. <\/strong>Cela m&rsquo;a permis d&rsquo;avoir les outils pour accompagner la femme chr\u00e9tienne.<\/em><\/p><p>Depuis, j&rsquo;aide la femme \u00e0 sortir de sa prison mentale et \u00e9motionnelle. Je l&rsquo;aide \u00e0 embrasser le changement, \u00e0 se (re)d\u00e9couvrir elle-m\u00eame et \u00e0 developper ses potentiels.\u00a0<\/p><h2><em><b>Chaque femme doit \u00eatre \u00e9panouie et atteindre son plein potentiel afin d\u2019\u00eatre une inspiration pour les autres. <\/b><\/em><\/h2><div>Deviens une femme \u00e9panouie qui connait sa valeur !<\/div><div>\u00a0<\/div><p>\u00a0<\/p>\t\t\t\t\t\t\t\t<\/div>\n\t\t\t\t<\/div>\n\t\t\t\t\t<\/div>\n\t\t<\/div>\n\t\t\t\t\t<\/div>\n\t\t<\/section>\n\t\t\t\t<section class=\"elementor-section elementor-top-section elementor-element elementor-element-0decaf4 elementor-section-boxed elementor-section-height-default elementor-section-height-default\" data-id=\"0decaf4\" data-element_type=\"section\" data-e-type=\"section\">\n\t\t\t\t\t\t<div class=\"elementor-container elementor-column-gap-default\">\n\t\t\t\t\t<div class=\"elementor-column elementor-col-100 elementor-top-column elementor-element elementor-element-28fcd0a\" data-id=\"28fcd0a\" data-element_type=\"column\" data-e-type=\"column\">\n\t\t\t<div class=\"elementor-widget-wrap elementor-element-populated\">\n\t\t\t\t\t\t<div class=\"elementor-element elementor-element-d9defff elementor-widget elementor-widget-heading\" data-id=\"d9defff\" data-element_type=\"widget\" data-e-type=\"widget\" data-widget_type=\"heading.default\">\n\t\t\t\t<div class=\"elementor-widget-container\">\n\t\t\t\t\t<h2 class=\"elementor-heading-title elementor-size-default\">\"Aussi la cr\u00e9ation attend-elle avec un ardent d\u00e9sir la r\u00e9v\u00e9lation des filles de Dieu.\" Romains 8:19<\/h2>\t\t\t\t<\/div>\n\t\t\t\t<\/div>\n\t\t\t\t\t<\/div>\n\t\t<\/div>\n\t\t\t\t\t<\/div>\n\t\t<\/section>\n\t\t\t\t<\/div>\n\t\t","protected":false},"excerpt":{"rendered":"<p>A PROPOS DE MOI D\u00e9borah LE NOC Hello, je m\u2019appelle D\u00e9borah. Je suis une femme de foi, \u00e9pouse, maman, passionn\u00e9e d\u2019identit\u00e9, de f\u00e9minit\u00e9 ainsi que de d\u00e9veloppement personnel. Sp\u00e9cialis\u00e9e dans le domaine du bien-\u00eatre alimentaire li\u00e9e \u00e0 la maladie de\u00a0l\u2019endom\u00e9triose, je commence mon aventure entrepreneuriale en 2018. N\u00e9anmoins, je ne savais pas r\u00e9ellement o\u00f9 tout [&hellip;]<\/p>\n","protected":false},"author":1,"featured_media":0,"parent":0,"menu_order":0,"comment_status":"closed","ping_status":"closed","template":"","meta":{"footnotes":""},"class_list":["post-249","page","type-page","status-publish","hentry","entry"],"yoast_head":"<!-- This site is optimized with the Yoast SEO plugin v27.5 - https:\/\/yoast.com\/product\/yoast-seo-wordpress\/ -->\n<title>Qui suis-je ? - D\u00e9borah Le Noc - D\u00e9veloppement f\u00e9minin<\/title>\n<meta name=\"robots\" content=\"index, follow, max-snippet:-1, max-image-preview:large, max-video-preview:-1\" \/>\n<link rel=\"canonical\" href=\"https:\/\/deborahlenoc.fr\/index.php\/qui-suis-je\/\" \/>\n<meta property=\"og:locale\" content=\"fr_FR\" \/>\n<meta property=\"og:type\" content=\"article\" \/>\n<meta property=\"og:title\" content=\"Qui suis-je ? - D\u00e9borah Le Noc - D\u00e9veloppement f\u00e9minin\" \/>\n<meta property=\"og:description\" content=\"A PROPOS DE MOI D\u00e9borah LE NOC Hello, je m\u2019appelle D\u00e9borah. Je suis une femme de foi, \u00e9pouse, maman, passionn\u00e9e d\u2019identit\u00e9, de f\u00e9minit\u00e9 ainsi que de d\u00e9veloppement personnel. Sp\u00e9cialis\u00e9e dans le domaine du bien-\u00eatre alimentaire li\u00e9e \u00e0 la maladie de\u00a0l\u2019endom\u00e9triose, je commence mon aventure entrepreneuriale en 2018. N\u00e9anmoins, je ne savais pas r\u00e9ellement o\u00f9 tout [&hellip;]\" \/>\n<meta property=\"og:url\" content=\"https:\/\/deborahlenoc.fr\/index.php\/qui-suis-je\/\" \/>\n<meta property=\"og:site_name\" content=\"D\u00e9borah Le Noc - D\u00e9veloppement f\u00e9minin\" \/>\n<meta property=\"article:modified_time\" content=\"2025-10-20T15:05:33+00:00\" \/>\n<meta property=\"og:image\" content=\"https:\/\/deborahlenoc.fr\/wp-content\/uploads\/2021\/03\/IMG_4656-2.jpg\" \/>\n\t<meta property=\"og:image:width\" content=\"950\" \/>\n\t<meta property=\"og:image:height\" content=\"1280\" \/>\n\t<meta property=\"og:image:type\" content=\"image\/jpeg\" \/>\n<meta name=\"twitter:card\" content=\"summary_large_image\" \/>\n<meta name=\"twitter:label1\" content=\"Dur\u00e9e de lecture estim\u00e9e\" \/>\n\t<meta name=\"twitter:data1\" content=\"2 minutes\" \/>\n<script type=\"application\/ld+json\" class=\"yoast-schema-graph\">{\"@context\":\"https:\\\/\\\/schema.org\",\"@graph\":[{\"@type\":\"WebPage\",\"@id\":\"https:\\\/\\\/deborahlenoc.fr\\\/index.php\\\/qui-suis-je\\\/\",\"url\":\"https:\\\/\\\/deborahlenoc.fr\\\/index.php\\\/qui-suis-je\\\/\",\"name\":\"Qui suis-je ? - D\u00e9borah Le Noc - D\u00e9veloppement f\u00e9minin\",\"isPartOf\":{\"@id\":\"https:\\\/\\\/deborahlenoc.fr\\\/#website\"},\"primaryImageOfPage\":{\"@id\":\"https:\\\/\\\/deborahlenoc.fr\\\/index.php\\\/qui-suis-je\\\/#primaryimage\"},\"image\":{\"@id\":\"https:\\\/\\\/deborahlenoc.fr\\\/index.php\\\/qui-suis-je\\\/#primaryimage\"},\"thumbnailUrl\":\"http:\\\/\\\/deborahlenoc.fr\\\/wp-content\\\/uploads\\\/2021\\\/03\\\/IMG_4656-2.jpg\",\"datePublished\":\"2021-03-31T17:41:20+00:00\",\"dateModified\":\"2025-10-20T15:05:33+00:00\",\"breadcrumb\":{\"@id\":\"https:\\\/\\\/deborahlenoc.fr\\\/index.php\\\/qui-suis-je\\\/#breadcrumb\"},\"inLanguage\":\"fr-FR\",\"potentialAction\":[{\"@type\":\"ReadAction\",\"target\":[\"https:\\\/\\\/deborahlenoc.fr\\\/index.php\\\/qui-suis-je\\\/\"]}]},{\"@type\":\"ImageObject\",\"inLanguage\":\"fr-FR\",\"@id\":\"https:\\\/\\\/deborahlenoc.fr\\\/index.php\\\/qui-suis-je\\\/#primaryimage\",\"url\":\"https:\\\/\\\/deborahlenoc.fr\\\/wp-content\\\/uploads\\\/2021\\\/03\\\/IMG_4656-2.jpg\",\"contentUrl\":\"https:\\\/\\\/deborahlenoc.fr\\\/wp-content\\\/uploads\\\/2021\\\/03\\\/IMG_4656-2.jpg\",\"width\":950,\"height\":1280},{\"@type\":\"BreadcrumbList\",\"@id\":\"https:\\\/\\\/deborahlenoc.fr\\\/index.php\\\/qui-suis-je\\\/#breadcrumb\",\"itemListElement\":[{\"@type\":\"ListItem\",\"position\":1,\"name\":\"Accueil\",\"item\":\"https:\\\/\\\/deborahlenoc.fr\\\/\"},{\"@type\":\"ListItem\",\"position\":2,\"name\":\"Qui suis-je ?\"}]},{\"@type\":\"WebSite\",\"@id\":\"https:\\\/\\\/deborahlenoc.fr\\\/#website\",\"url\":\"https:\\\/\\\/deborahlenoc.fr\\\/\",\"name\":\"D\u00e9borah Le Noc - D\u00e9veloppement f\u00e9minin\",\"description\":\"R\u00e9v\u00e8le et maximise ton potentiel en devenant une femme accomplie et charismatique !\",\"publisher\":{\"@id\":\"https:\\\/\\\/deborahlenoc.fr\\\/#\\\/schema\\\/person\\\/3755fca8ecb77a810d63b477184dc6c4\"},\"potentialAction\":[{\"@type\":\"SearchAction\",\"target\":{\"@type\":\"EntryPoint\",\"urlTemplate\":\"https:\\\/\\\/deborahlenoc.fr\\\/?s={search_term_string}\"},\"query-input\":{\"@type\":\"PropertyValueSpecification\",\"valueRequired\":true,\"valueName\":\"search_term_string\"}}],\"inLanguage\":\"fr-FR\"},{\"@type\":[\"Person\",\"Organization\"],\"@id\":\"https:\\\/\\\/deborahlenoc.fr\\\/#\\\/schema\\\/person\\\/3755fca8ecb77a810d63b477184dc6c4\",\"name\":\"D\u00e9borah LE NOC\",\"image\":{\"@type\":\"ImageObject\",\"inLanguage\":\"fr-FR\",\"@id\":\"https:\\\/\\\/deborahlenoc.fr\\\/wp-content\\\/uploads\\\/2021\\\/04\\\/cropped-Deborah-Le-Nox-2.png\",\"url\":\"https:\\\/\\\/deborahlenoc.fr\\\/wp-content\\\/uploads\\\/2021\\\/04\\\/cropped-Deborah-Le-Nox-2.png\",\"contentUrl\":\"https:\\\/\\\/deborahlenoc.fr\\\/wp-content\\\/uploads\\\/2021\\\/04\\\/cropped-Deborah-Le-Nox-2.png\",\"width\":500,\"height\":138,\"caption\":\"D\u00e9borah LE NOC\"},\"logo\":{\"@id\":\"https:\\\/\\\/deborahlenoc.fr\\\/wp-content\\\/uploads\\\/2021\\\/04\\\/cropped-Deborah-Le-Nox-2.png\"},\"sameAs\":[\"http:\\\/\\\/deborahlenoc.fr\"]}]}<\/script>\n<!-- \/ Yoast SEO plugin. -->","yoast_head_json":{"title":"Qui suis-je ? - D\u00e9borah Le Noc - D\u00e9veloppement f\u00e9minin","robots":{"index":"index","follow":"follow","max-snippet":"max-snippet:-1","max-image-preview":"max-image-preview:large","max-video-preview":"max-video-preview:-1"},"canonical":"https:\/\/deborahlenoc.fr\/index.php\/qui-suis-je\/","og_locale":"fr_FR","og_type":"article","og_title":"Qui suis-je ? - D\u00e9borah Le Noc - D\u00e9veloppement f\u00e9minin","og_description":"A PROPOS DE MOI D\u00e9borah LE NOC Hello, je m\u2019appelle D\u00e9borah. Je suis une femme de foi, \u00e9pouse, maman, passionn\u00e9e d\u2019identit\u00e9, de f\u00e9minit\u00e9 ainsi que de d\u00e9veloppement personnel. Sp\u00e9cialis\u00e9e dans le domaine du bien-\u00eatre alimentaire li\u00e9e \u00e0 la maladie de\u00a0l\u2019endom\u00e9triose, je commence mon aventure entrepreneuriale en 2018. N\u00e9anmoins, je ne savais pas r\u00e9ellement o\u00f9 tout [&hellip;]","og_url":"https:\/\/deborahlenoc.fr\/index.php\/qui-suis-je\/","og_site_name":"D\u00e9borah Le Noc - D\u00e9veloppement f\u00e9minin","article_modified_time":"2025-10-20T15:05:33+00:00","og_image":[{"width":950,"height":1280,"url":"https:\/\/deborahlenoc.fr\/wp-content\/uploads\/2021\/03\/IMG_4656-2.jpg","type":"image\/jpeg"}],"twitter_card":"summary_large_image","twitter_misc":{"Dur\u00e9e de lecture estim\u00e9e":"2 minutes"},"schema":{"@context":"https:\/\/schema.org","@graph":[{"@type":"WebPage","@id":"https:\/\/deborahlenoc.fr\/index.php\/qui-suis-je\/","url":"https:\/\/deborahlenoc.fr\/index.php\/qui-suis-je\/","name":"Qui suis-je ? - D\u00e9borah Le Noc - D\u00e9veloppement f\u00e9minin","isPartOf":{"@id":"https:\/\/deborahlenoc.fr\/#website"},"primaryImageOfPage":{"@id":"https:\/\/deborahlenoc.fr\/index.php\/qui-suis-je\/#primaryimage"},"image":{"@id":"https:\/\/deborahlenoc.fr\/index.php\/qui-suis-je\/#primaryimage"},"thumbnailUrl":"http:\/\/deborahlenoc.fr\/wp-content\/uploads\/2021\/03\/IMG_4656-2.jpg","datePublished":"2021-03-31T17:41:20+00:00","dateModified":"2025-10-20T15:05:33+00:00","breadcrumb":{"@id":"https:\/\/deborahlenoc.fr\/index.php\/qui-suis-je\/#breadcrumb"},"inLanguage":"fr-FR","potentialAction":[{"@type":"ReadAction","target":["https:\/\/deborahlenoc.fr\/index.php\/qui-suis-je\/"]}]},{"@type":"ImageObject","inLanguage":"fr-FR","@id":"https:\/\/deborahlenoc.fr\/index.php\/qui-suis-je\/#primaryimage","url":"https:\/\/deborahlenoc.fr\/wp-content\/uploads\/2021\/03\/IMG_4656-2.jpg","contentUrl":"https:\/\/deborahlenoc.fr\/wp-content\/uploads\/2021\/03\/IMG_4656-2.jpg","width":950,"height":1280},{"@type":"BreadcrumbList","@id":"https:\/\/deborahlenoc.fr\/index.php\/qui-suis-je\/#breadcrumb","itemListElement":[{"@type":"ListItem","position":1,"name":"Accueil","item":"https:\/\/deborahlenoc.fr\/"},{"@type":"ListItem","position":2,"name":"Qui suis-je ?"}]},{"@type":"WebSite","@id":"https:\/\/deborahlenoc.fr\/#website","url":"https:\/\/deborahlenoc.fr\/","name":"D\u00e9borah Le Noc - D\u00e9veloppement f\u00e9minin","description":"R\u00e9v\u00e8le et maximise ton potentiel en devenant une femme accomplie et charismatique !","publisher":{"@id":"https:\/\/deborahlenoc.fr\/#\/schema\/person\/3755fca8ecb77a810d63b477184dc6c4"},"potentialAction":[{"@type":"SearchAction","target":{"@type":"EntryPoint","urlTemplate":"https:\/\/deborahlenoc.fr\/?s={search_term_string}"},"query-input":{"@type":"PropertyValueSpecification","valueRequired":true,"valueName":"search_term_string"}}],"inLanguage":"fr-FR"},{"@type":["Person","Organization"],"@id":"https:\/\/deborahlenoc.fr\/#\/schema\/person\/3755fca8ecb77a810d63b477184dc6c4","name":"D\u00e9borah LE NOC","image":{"@type":"ImageObject","inLanguage":"fr-FR","@id":"https:\/\/deborahlenoc.fr\/wp-content\/uploads\/2021\/04\/cropped-Deborah-Le-Nox-2.png","url":"https:\/\/deborahlenoc.fr\/wp-content\/uploads\/2021\/04\/cropped-Deborah-Le-Nox-2.png","contentUrl":"https:\/\/deborahlenoc.fr\/wp-content\/uploads\/2021\/04\/cropped-Deborah-Le-Nox-2.png","width":500,"height":138,"caption":"D\u00e9borah LE NOC"},"logo":{"@id":"https:\/\/deborahlenoc.fr\/wp-content\/uploads\/2021\/04\/cropped-Deborah-Le-Nox-2.png"},"sameAs":["http:\/\/deborahlenoc.fr"]}]}},"_links":{"self":[{"href":"https:\/\/deborahlenoc.fr\/index.php\/wp-json\/wp\/v2\/pages\/249","targetHints":{"allow":["GET"]}}],"collection":[{"href":"https:\/\/deborahlenoc.fr\/index.php\/wp-json\/wp\/v2\/pages"}],"about":[{"href":"https:\/\/deborahlenoc.fr\/index.php\/wp-json\/wp\/v2\/types\/page"}],"author":[{"embeddable":true,"href":"https:\/\/deborahlenoc.fr\/index.php\/wp-json\/wp\/v2\/users\/1"}],"replies":[{"embeddable":true,"href":"https:\/\/deborahlenoc.fr\/index.php\/wp-json\/wp\/v2\/comments?post=249"}],"version-history":[{"count":36,"href":"https:\/\/deborahlenoc.fr\/index.php\/wp-json\/wp\/v2\/pages\/249\/revisions"}],"predecessor-version":[{"id":883,"href":"https:\/\/deborahlenoc.fr\/index.php\/wp-json\/wp\/v2\/pages\/249\/revisions\/883"}],"wp:attachment":[{"href":"https:\/\/deborahlenoc.fr\/index.php\/wp-json\/wp\/v2\/media?parent=249"}],"curies":[{"name":"wp","href":"https:\/\/api.w.org\/{rel}","templated":true}]}}